1 + 5 + 4.
-1
What is the value of 2 + (4 - -1 - 4)?
3
Calculate (4 - 1 - 3) + (8 - 7).
1
-14 + 11 - (1 + -1) - -6
3
What is the value of (-5 - -2 - -2) + 2 + 4?
5
(0 - 6) + (8 - 0) + -7
-5
What is -4 + (-6 - -3) + (-1 - -3)?
-5
Evaluate -5 + 9 + 1 + -14.
-9
What is the value of (-23 + 15 - (0 + -4)) + 10?
6
Calculate 2 + -4 + 7 + (-2 - 2).
1
Calculate 12 + (-7 - (-9 + 12)).
2
Evaluate (1 - -12) + -1 + -2 + -1.
9
What is 2 + (0 - (-4 + 6)) + 8?
8
Evaluate 12 - 2 - ((3 - 3) + 3).
7
What is the value of (3 - 0) + (1 - -3)?
7
What is -5 - (-5 + -2) - 7?
-5
What is the value of -5 + 4 - (2 - 1)?
-2
Calculate -2 - ((-2 - -4) + -8).
4
Evaluate (56 - 50) + (4 + -1 - 12).
-3
What is the value of -3 - (1 + (1 + -1 - 5))?
1
What is (12 - (5 + -4 - -4)) + 0?
7
What is the value of (7 - 4 - 6) + 5?
2
Evaluate -5 + (0 - (-1 + -1)).
-3
Evaluate (5 - (1 + 4)) + 0 + -1.
-1
Calculate -6 + 11 + (-5 - 3) + 2.
-1
Evaluate 3 + (-1 - -2 - (14 + -5)).
-5
-6 + (4 + -5 + 7 - 6)
-6
What is the value of 12 + -16 + 11 + 1?
8
Evaluate 1 + -3 + 4 - -2 - 6.
-2
-4 + 0 + 4 - 5
-5
Calculate (-2 - -2) + -22 + 22.
0
What is the value of -4 - (9 - (4 + 11))?
2
Calculate 5 - ((7 - 4) + -1).
3
What is (-11 - -1) + -14 + 18?
-6
Calculate 6 + (1 - -6 - 12) + 3.
4
What is the value of (8 - 6 - 5) + 4 + 8?
9
Evaluate -2 - ((-7 - -11) + -11).
5
Calculate -1 - 6 - (-16 + 11).
-2
Calculate 3 + (-2 + (6 - 5) - -3).
5
What is -5 + (1 - -5) - -3?
4
What is -4 - (-1 + -9 + (2 - -2))?
2
What is the value of -2 - (6 - 14) - 5?
1
What is 0 - 8 - (-23 - -19)?
-4
What is the value of -5 + (8 - (-5 + 4))?
4
1 + -1 + (-1 + 7 - 12)
-6
What is the value of 0 + (-2 - 6) + 6?
-2
Calculate 2 - -5 - 2 - -2.
7
Evaluate 0 + 7 + (-10 - (-5 - 3)).
5
What is -9 + (-10 - -13 - (-4 - -2))?
-4
Calculate -7 - (-1 + 12 + -4 + -16).
2
What is (3 - 0) + -2 + 7 + -3?
5
What is -5 + ((4 - 3) + -2 - -8)?
2
-6 + -5 + 11 - 1
-1
Calculate -4 - ((-2 + 6 - -1) + -9).
0
6 + -7 + 0 + -1
-2
What is the value of (-2 - (-17 - -4)) + -4 - 4?
3
Calculate 0 + (1 + -1 - -3).
3
What is 3 - (-3 - (3 + -8))?
1
Evaluate -15 + 9 + 2 - (-12 - -2).
6
Calculate (-4 - -1) + (-17 - (-26 + 7)).
-1
3 - ((2 - 2) + -12 + 7)
8
4 + -3 - (4 + (1 - 5))
1
Calculate 1 - 7 - (4 + 0 + -7).
-3
What is -7 - (5 - (6 + 7))?
1
What is the value of (0 - (-5 - -7)) + -2?
-4
Evaluate (-1 - 0) + -1 - (-21 + 15).
4
What is (-8 - -5) + 23 - 11?
9
Evaluate 0 - -3 - 1 - (1 - -1).
0
What is the value of -6 + 7 + -1 + 5?
5
3 + 1 + 2 + -5
1
Calculate -4 + -1 + (1 - (6 + -11)).
1
What is the value of (-2 - (0 - -5)) + (-18 - -22)?
-3
What is (-4 + 8 - 5) + 8 + -3?
4
-5 - (2 + -3 + (-1 - -2))
-5
Calculate 1 + -9 + -7 + 13 + -5.
-7
What is 6 - (3 - (-4 + 5) - 1)?
5
11 - 15 - (3 + -1 + -1)
-5
Evaluate 5 - (-3 - (-8 + 3)).
3
What is -3 + -1 + (5 - -5)?
6
Evaluate 16 + -14 + (-2 - (0 + 1)).
-1
Evaluate (-8 - -1) + 8 - -2 - 4.
-1
0 + -4 - -3 - -4
3
-4 + 11 + -4 - 0
3
What is the value of -2 - (0 + (-6 - -6))?
-2
Evaluate -5 + (2 - -8) + 1.
6
What is the value of (4 - (-1 - (7 - 7))) + -1?
4
-7 + (6 - 5) - -1
-5
What is -7 - -5 - (1 - 4 - -3)?
-2
Calculate (3 - (6 + 2 + -6)) + -4.
-3
(-6 - -5) + 1 + 6 + 0
6
17 + -10 + -3 + 0
4
-3 - 0 - (10 - 13 - 6)
6
Calculate 3 + -3 + -1 + -1 + 4.
2
What is -1 + -2 + -2 + 6 + -1?
0
Calculate -1 + 0 + (6 - 1).
4
Evaluate -1 + (-1 - 0) + (-2 - -5).
1
What is the value of (1 - -2) + -7 + (4 - 5)?
-5
-8 - (1 + 7 + -9)
-7
1 + 0 + -15 + 11
-3
Calculate (0 - 1) + -57 + 53 + 3.
-2
What is the value of (-10 - -6) + -8 + 7?
-5
Calculate -7 - -1 - (3 + 0 + -11).
2
(0 - -1) + -3 - (-4 + 8)
-6
What is 3 - (0 + -4 - -4)?
3
Calculate -2 + 1 + 6 - 8.
-3
-5 + (-1 - -1 - -1)
-4
What is the value of 1 + -5 - -5 - 3?
-2
What is the value of (-1 - -5) + 3 + -6 + -3?
-2
What is (159 - 147) + (-11 - -1)?
2
Evaluate 1 - 2 - (2 + -8).
5
-9 + (6 - 3) + 3
-3
Calculate 1 + (5 + -5 - 0).
1
Calculate 19 + -24 - (-2 - -1).
-4
Evaluate (0 - 9) + -7 + (7 - -2).
-7
What is the value of -8 + 2 + (8 + -5 - -1)?
-2
Evaluate -7 + 9 + -1 + 1.
2
What is (5 - (13 - 4)) + -1?
-5
11 + -1 + -4 - 7
-1
Evaluate 1 - 0 - (23 - 24).
2
Calculate -1 + (-1 - -2 - -2).
2
Evaluate 0 + (-3 + -1 - -8).
4
Evaluate (4 + 2 - (7 - 11)) + -5.
5
What is -50 - -53 - (-1 - -1 - 3)?
6
What is the value of -13 - (1 + (5 - 14))?
-5
Calculate 3 - (3 + -11 + (0 - -6)).
5
Calculate (-9 - -2) + (16 - 14).
-5
Evaluate -9 - (-2 + -2) - (3 - 11).
3
What is 4 + 0 + 0 + -4?
0
What is the value of -3 + (-2 - -3) + 3 + 0?
1
What is (-7 - 15 - -11) + (0 - -4)?
-7
Evaluate -2 - (-5 + -5 + (1 - -7)).
0
-1 + (6 - (-4 - -1 - -3))
5
Evaluate (-16 - -13) + (3 - 0).
0
What is 3 + 1 + -1 - 3?
0
(1 + 8 - 5) + -7
-3
What is -1 + 3 + -2 + -3 - 1?
-4
Calculate 0 - 2 - (0 - -2).
-4
What is (-13 - -6) + 7 - (1 + 2)?
-3
What is (-2 - (-6 - -3)) + -4 - -1?
-2
What is (-4 - (7 - 7)) + 2?
-2
Evaluate 5 - (-2 - (2 + -7)).
2
-4 + 9 + -3 + 1 + -3
0
What is 1 + (3 - -12) + -14?
2
-1 - (-3 - ((0 - -4) + -7))
-1
3 + 7 + -2 + -4
4
What is the value of -3 + 0 + 1 + -2?
-4
Evaluate -6 - ((5 - 4) + -6).
-1
Calculate 0 + 2 + -8 + 5 - -4.
3
Evaluate 1 + (-2 - (4 + -5)) + 2.
2
What is -10 - -25 - (-3 + 0 + 10)?
8
1 + -4 + 16 + -6
7
Calculate (3 + -4 - 1) + 0.
-2
Evaluate (3 - 2) + 2 - (10 - 3).
-4
Calculate 4 + -2 + -1 + (-2 - -7).
6
What is the value of -13 - 0 - (17 - 11 - 12)?
-7
2 + 1 + (-10 - -11)
4
What is -20 + 21 - (4 - 1)?
-2
What is 9 + 7 + (-2 - 4)?
10
(-6 - -18 - 7) + -7
-2
-1 + -4 + (3 - -6)
4
What is the value of -3 + 3 + 3 - (2 + -2)?
3
What is -13 + 18 + -10 + 0?
-5
Calculate -26 + 15 - (-1 - 4).
-6
What is the value of -4 - ((-5 - 1) + -3)?
5
Calculate 2 - (5 - (-8 + 4) - -2).
-9
1 + -6 + (5 - (7 + -8))
1
-1 + (-1 - (-7 + (3 - 2)))
4
Evaluate -2 - -2 - 5 - (0 - 3).
-2
Evaluate -2 - (6 - (-2 - -5)).
-5
(-5 - 4 - -2) + 2
-5
Calculate 9 - (-8 + 12) - (4 - 0).
1
What is the value of -2 - 0 - -7 - (4 - 5)?
6
What is (-9 - (3 - 11)) + 2 + 0?
1
What is -9 + (-2 + 1 - -5) + 3?
-2
Evaluate -1 + -2 + -4 + 2.
-5
What is the value of 0 + 3 + 1 + -5?
-1
Evaluate -1 - 0 - (5 - (-4 + 10)).
0
Calculate -3 - (2 - (2 - -5) - -3).
-1
What is the value of (-3 + 3 - -9) + (-4 - -3)?
8
-9 + (4 - (-3 + 4)) + 1
-5
Calculate 3 + 1 + 1 - 2.
3
Evaluate (9 - 4 - 1) + -9.
-5
Evaluate (5 - (-1 + 6)) + 1.
1
What is 1 - 7 - (-84 - -76)?
2
Evaluate -4 - (-4 + 7 - 7).
0
What is (2 - (-2 + 6)) + -1?
-3
-28 + 38 - (7 + 0)
3
Calculate -8 + 21 + -14 - (-1 + 4).
-4
What is the value of 0 + 13 + -9 + 8 + -6?
6
Evaluate -19 - -9 - (4 - 9).
-5
Evaluate 4 + 4 + (6 - 22).
-8
What is -9 + (1 + -3 - -4)?
-7
What is 19 - (24 + -10) - 9?
-4
Calculate 8 + (-8 - -5) + 0 - -1.
6
Calculate 14 + (-2 + 3 - 5).
10
What is -3 + 4 - 4 - (-2 - 0)?
-1
Evaluate -6 - -4 - (5 + -9 - 5).
7
Calculate -3 + (11 - -1) + -6.
3
Evaluate (3 - (8 + -2)) + -2 + 3.
-2
What is -5 + (6 - 3 - -1) + 5?
4
Calculate 11 + -11 - (1 - -1) - 0.
-2
What is 2 + -1 + -4 + -2 + 5?
0
What is the value of 0 + 0 + 0 + -139 + 143?
4
Calculate 8 + -4 + 0 + 1.
5
What is the value of (-4 - -1 - (22 - 21)) + 8?
4
What is the value of 2 - (13 - 7) - -2 - -5?
3
What is the value of -4 - (-6 - (3 + -3))?
2
(10 - (0 - 5 - -2)) + -6
7
1 + 1 + (35 - 32) + 0
5
Evaluate -4 + 1 + 3 + -1.
-1
Calculate -6 + 2 - (-19 + 20).
-5
(5 + (2 - 3) - 2) + -6
-4
What is 0 + 3 + (6 + 7 - 16)?
0
What is 9 - 5 - 2 - 4?
-2
Calculate (-174 - -177) + (-5 - -1).
-1
What is the value of (-23 - -15) + 1 + 8?
1
Evaluate 1 + (-4 - -6) + -4.
-1
Calculate 3 - 10 - (-2 + 0).
-5
Evaluate 12 + -6 + -9 - 2.
-5
Calculate -1 - 2 - (-3 - -1).
-1
-8 + 7 - 1 - -4
2
-5 + 4 - -4 - -1
4
Calculate (-1 + -3 - -3) + 3.
2
Calculate 1 + 2 + -9 + 13.
7
What is 0 + (3 - ((3 - 3) + 3))?
0
What is the value of (-4 - 0) + 4 + -4 + 1?
-3
What is the value of -2 + (4 - (4 - (8 + -5)))?
1
13 + (-11 - -13 - 9)
6
4 + (2 - (2 - (4 + -3)))
5
What is -1 + -2 + (-1 - (3 - 3))?
-4
What is the value of 3 + 1 - (11 - 8)?
1
What is 0 + -1 + (-4 - -1) + 2?
-2
-4 + (3 - (7 - 3))
-5
What is -22 + (1 - -8) - -10?
-3
(11 - 11) + (4 - 10 - -7)
1
-11 - (-8 - -3) - -2
-4
(-6 - -4) + (15 - 8)
5
1 - (6 - 3 - (2 + -1))
-1
What is the value of -1 + (2 + 2 - 6) - -7?
4
Calculate (-1 - -3) + -7 + 6 + 1.
2
Evaluate 176 + -174 - (1 + 2).
-1
Calculate 2 + (3 - (2 + 6)).
-3
Calculate 5 - (-3 - -6) - (8 + -2).